{"id":175,"date":"2013-08-28T13:25:59","date_gmt":"2013-08-28T11:25:59","guid":{"rendered":"http:\/\/www.promotioncompound.de\/wordpress\/?page_id=175"},"modified":"2013-09-11T09:51:08","modified_gmt":"2013-09-11T07:51:08","slug":"trainingsaufgabe-einachser-streifentraining","status":"publish","type":"page","link":"http:\/\/blog.promotioncompound.de\/?page_id=175","title":{"rendered":"Trainingsaufgabe &#8211;  Einachser-Streifentraining"},"content":{"rendered":"<p>Die aktuelle \u00dcbung hei\u00dft \u201eEinachser\u201c und ist ein Streifentraining. Die erforderliche Auflage k\u00f6nnt ihr hier herunterladen.<\/p>\n<p><strong>Wie:<\/strong> 18 Schuss \/50 Meter auf den horizontalen Streifen, dann das Blatt drehen und 18 Schuss auf den vertikalen Streifen. Das Ergebnis wird addiert.<\/p>\n<p><strong>Warum:<\/strong> Diese \u00dcbung soll uns helfen unsere starke bzw. schwache Seite beim Zielen und Schie\u00dfen kennenzulernen. Auch werden wir Erfahrungen machen, wie wir die schwache Seite st\u00e4rken.<\/p>\n<p>Viel Spa\u00df beim Trainieren<\/p>\n<p>Vorlage als PDF: <a href=\"http:\/\/www.promotioncompound.de\/wordpress\/wp-content\/uploads\/2013\/08\/Ein_Achser_Vorlage_Gold.pdf\">Ein_Achser_Vorlage_Gold<\/a><\/p>\n<p>&nbsp;<\/p>\n","protected":false},"excerpt":{"rendered":"<p>Die aktuelle \u00dcbung hei\u00dft \u201eEinachser\u201c und ist ein Streifentraining. Die erforderliche Auflage k\u00f6nnt ihr hier herunterladen. Wie: 18 Schuss \/50 Meter auf den horizontalen Streifen, dann das Blatt drehen und 18 Schuss auf den vertikalen Streifen. Das Ergebnis wird addiert. Warum: Diese \u00dcbung soll uns helfen unsere starke bzw. schwache Seite beim Zielen und Schie\u00dfen &hellip; <a href=\"http:\/\/blog.promotioncompound.de\/?page_id=175\" class=\"more-link\"><span class=\"screen-reader-text\">Trainingsaufgabe &#8211;  Einachser-Streifentraining<\/span> weiterlesen <span class=\"meta-nav\">&rarr;<\/span><\/a><\/p>\n","protected":false},"author":1,"featured_media":0,"parent":153,"menu_order":1,"comment_status":"closed","ping_status":"open","template":"","meta":[],"_links":{"self":[{"href":"http:\/\/blog.promotioncompound.de\/index.php?rest_route=\/wp\/v2\/pages\/175"}],"collection":[{"href":"http:\/\/blog.promotioncompound.de\/index.php?rest_route=\/wp\/v2\/pages"}],"about":[{"href":"http:\/\/blog.promotioncompound.de\/index.php?rest_route=\/wp\/v2\/types\/page"}],"author":[{"embeddable":true,"href":"http:\/\/blog.promotioncompound.de\/index.php?rest_route=\/wp\/v2\/users\/1"}],"replies":[{"embeddable":true,"href":"http:\/\/blog.promotioncompound.de\/index.php?rest_route=%2Fwp%2Fv2%2Fcomments&post=175"}],"version-history":[{"count":7,"href":"http:\/\/blog.promotioncompound.de\/index.php?rest_route=\/wp\/v2\/pages\/175\/revisions"}],"predecessor-version":[{"id":189,"href":"http:\/\/blog.promotioncompound.de\/index.php?rest_route=\/wp\/v2\/pages\/175\/revisions\/189"}],"up":[{"embeddable":true,"href":"http:\/\/blog.promotioncompound.de\/index.php?rest_route=\/wp\/v2\/pages\/153"}],"wp:attachment":[{"href":"http:\/\/blog.promotioncompound.de\/index.php?rest_route=%2Fwp%2Fv2%2Fmedia&parent=175"}],"curies":[{"name":"wp","href":"https:\/\/api.w.org\/{rel}","templated":true}]}}